{"id":1338,"date":"2020-08-13T08:55:33","date_gmt":"2020-08-13T06:55:33","guid":{"rendered":"http:\/\/educationbiencommun.fr\/?page_id=1338"},"modified":"2020-08-13T08:55:33","modified_gmt":"2020-08-13T06:55:33","slug":"des-livres-des-sites-amis","status":"publish","type":"page","link":"https:\/\/education-bien-commun.fr\/?page_id=1338","title":{"rendered":"Des sites amis"},"content":{"rendered":"\n<p class=\"wp-block-paragraph\"><strong><a href=\"https:\/\/www.cnnr.fr\/\">Le site du CNNR (Conseil national de la Nouvelle R\u00e9sistance)<\/a> <\/strong><\/p>\n\n\n\n<p class=\"wp-block-paragraph\"><strong><a href=\"https:\/\/enseignantspourlaplanete.com\/\">Le site d&rsquo;enseignants pour la plan\u00e8te <\/a><\/strong><\/p>\n\n\n\n<p class=\"wp-block-paragraph\"><strong><a href=\"https:\/\/profsentransition.com\/\">Profs en transition<\/a><\/strong><\/p>\n\n\n\n<p class=\"wp-block-paragraph\">Le site <strong><a href=\"https:\/\/changerdecap.net\/2020\/04\/20\/education-emancipatrice\/\">Changer de cap<\/a><\/strong><\/p>\n\n\n\n<p class=\"wp-block-paragraph\"><a href=\"http:\/\/www.actes-de-lecture.org\/spip.php?rubrique81\"><strong>La revue de l&rsquo;AFL<\/strong><\/a> (Association Fran\u00e7aise pour la lecture) en particulier le dossier \u00ab\u00a0Confinement et vacances apprenantes\u00a0\u00bb<\/p>\n\n\n\n<p class=\"wp-block-paragraph\">Un num\u00e9ro de la revue Les Cahiers p\u00e9dagogiques du CRAP : <strong><a href=\"https:\/\/www.cahiers-pedagogiques.com\/No-560-Urgence-ecologique-un-defi-pour-l-ecole\">Urgence \u00e9cologique : un d\u00e9fi pour l&rsquo;\u00e9cole<\/a><\/strong> avec un sommaire.<\/p>\n\n\n\n<p class=\"wp-block-paragraph\"><strong><a href=\"http:\/\/www.gfen.asso.fr\/fr\/accueil\">Le site du GFEN (<\/a><\/strong>Groupe Fran\u00e7ais d&rsquo;Education Nouvelle)<\/p>\n\n\n\n<p class=\"wp-block-paragraph\">Le site de Charles Pepinster du GBEN (Groupe Belge d&rsquo;Education Nouvelle) : <strong><a href=\"http:\/\/panote.org\">\u00ab\u00a0Pour l&rsquo;abolition de la note scolaire\u00a0\u00bb.<\/a><\/strong><\/p>\n\n\n\n<p class=\"wp-block-paragraph\"><strong><a href=\"https:\/\/www.icem-pedagogie-freinet.org\/\">Le site de l&rsquo;ICEM Freinet<\/a><\/strong><\/p>\n\n\n\n<p class=\"wp-block-paragraph\"><strong><a href=\"http:\/\/www.cafepedagogique.net\/Pages\/Accueil.aspx\">Le site du Caf\u00e9 P\u00e9dagogique<\/a><\/strong><\/p>\n\n\n\n<p class=\"wp-block-paragraph\"><strong><a href=\"http:\/\/www.charmeux.fr\/blog\/\">Le blog de l&rsquo;Amie scolaire<\/a><\/strong> d&rsquo;Eveline Charmeux<\/p>\n\n\n\n<p class=\"wp-block-paragraph\"><strong><a href=\"https:\/\/www.meirieu.com\/\">Le site de Philippe Meirieu<\/a><\/strong><\/p>\n\n\n\n<p class=\"wp-block-paragraph\">Le site de <strong><a href=\"https:\/\/www.desirsdecole.fr\/\">D\u00e9sirs d&rsquo;\u00e9cole<\/a><\/strong> : D\u00e9sirs d&rsquo;\u00e9cole&nbsp;est une association 1901 rassemblant des personnes, d\u00e9sireuses de&nbsp; construire une soci\u00e9t\u00e9 et une \u00e9cole plus humaines, d\u00e9sirables et pacifi\u00e9es. Nous cherchons comment pr\u00e9parer les enfants au monde de demain. Quels savoirs leur transmettre ? Comment leur faire vivre des liens respectueu<strong>x <\/strong>de notre environnement naturel, humain ?<\/p>\n\n\n\n<p class=\"wp-block-paragraph\"><strong><a href=\"https:\/\/collectif-riposte-education.fr\/\">Le site du Collectif La Riposte<\/a><\/strong> cr\u00e9\u00e9 en 2024 : C\u2019est un appel \u00e0 une riposte, unitaire et collective que lancent dans cette tribune les mouvements p\u00e9dagogiques et associations compl\u00e9mentaires de l\u2019\u00e9cole, les associations d\u2019usagers\u00b7\u00e8res, les organisations syndicales, les chercheuses et chercheurs, les actrices et acteurs de l\u2019\u00e9ducation.<em>\u00a0\u00ab Nous appelons toutes celles et tous ceux qui ne peuvent se r\u00e9signer \u00e0 une \u00e9cole du tri social, \u00e0 participer \u00e0 nos travaux pour un Grenelle alternatif \u00bb<\/em>. <a href=\"https:\/\/collectif-riposte-education.fr\/rejoindre-le-collectif-riposte\/\">Signer l\u2019appel du collectif Riposte<\/a><\/p>\n\n\n\n<p class=\"wp-block-paragraph\"><\/p>\n","protected":false},"excerpt":{"rendered":"<p>Le site du CNNR (Conseil national de la Nouvelle R\u00e9sistance) Le site d&rsquo;enseignants pour la plan\u00e8te Profs en transition Le site Changer de cap La revue de l&rsquo;AFL (Association Fran\u00e7aise pour la lecture) en particulier le dossier \u00ab\u00a0Confinement et vacances apprenantes\u00a0\u00bb Un num\u00e9ro de la revue Les Cahiers p\u00e9dagogiques du CRAP : Urgence \u00e9cologique :&hellip; <a class=\"more-link\" href=\"https:\/\/education-bien-commun.fr\/?page_id=1338\">Lire la suite <span class=\"screen-reader-text\">Des sites amis<\/span><\/a><\/p>\n","protected":false},"author":3,"featured_media":0,"parent":0,"menu_order":0,"comment_status":"closed","ping_status":"closed","template":"","meta":{"footnotes":""},"class_list":["post-1338","page","type-page","status-publish","hentry"],"jetpack_sharing_enabled":true,"_links":{"self":[{"href":"https:\/\/education-bien-commun.fr\/index.php?rest_route=\/wp\/v2\/pages\/1338","targetHints":{"allow":["GET"]}}],"collection":[{"href":"https:\/\/education-bien-commun.fr\/index.php?rest_route=\/wp\/v2\/pages"}],"about":[{"href":"https:\/\/education-bien-commun.fr\/index.php?rest_route=\/wp\/v2\/types\/page"}],"author":[{"embeddable":true,"href":"https:\/\/education-bien-commun.fr\/index.php?rest_route=\/wp\/v2\/users\/3"}],"replies":[{"embeddable":true,"href":"https:\/\/education-bien-commun.fr\/index.php?rest_route=%2Fwp%2Fv2%2Fcomments&post=1338"}],"version-history":[{"count":0,"href":"https:\/\/education-bien-commun.fr\/index.php?rest_route=\/wp\/v2\/pages\/1338\/revisions"}],"wp:attachment":[{"href":"https:\/\/education-bien-commun.fr\/index.php?rest_route=%2Fwp%2Fv2%2Fmedia&parent=1338"}],"curies":[{"name":"wp","href":"https:\/\/api.w.org\/{rel}","templated":true}]}}

<p class="wp-block-paragraph"><strong><a href="https://www.cnnr.fr/">Le site du CNNR (Conseil national de la Nouvelle Résistance)</a> </strong></p>



<p class="wp-block-paragraph"><strong><a href="https://enseignantspourlaplanete.com/">Le site d&rsquo;enseignants pour la planète </a></strong></p>



<p class="wp-block-paragraph"><strong><a href="https://profsentransition.com/">Profs en transition</a></strong></p>



<p class="wp-block-paragraph">Le site <strong><a href="https://changerdecap.net/2020/04/20/education-emancipatrice/">Changer de cap</a></strong></p>



<p class="wp-block-paragraph"><a href="http://www.actes-de-lecture.org/spip.php?rubrique81"><strong>La revue de l&rsquo;AFL</strong></a> (Association Française pour la lecture) en particulier le dossier « Confinement et vacances apprenantes »</p>



<p class="wp-block-paragraph">Un numéro de la revue Les Cahiers pédagogiques du CRAP : <strong><a href="https://www.cahiers-pedagogiques.com/No-560-Urgence-ecologique-un-defi-pour-l-ecole">Urgence écologique : un défi pour l&rsquo;école</a></strong> avec un sommaire.</p>



<p class="wp-block-paragraph"><strong><a href="http://www.gfen.asso.fr/fr/accueil">Le site du GFEN (</a></strong>Groupe Français d&rsquo;Education Nouvelle)</p>



<p class="wp-block-paragraph">Le site de Charles Pepinster du GBEN (Groupe Belge d&rsquo;Education Nouvelle) : <strong><a href="http://panote.org">« Pour l&rsquo;abolition de la note scolaire ».</a></strong></p>



<p class="wp-block-paragraph"><strong><a href="https://www.icem-pedagogie-freinet.org/">Le site de l&rsquo;ICEM Freinet</a></strong></p>



<p class="wp-block-paragraph"><strong><a href="http://www.cafepedagogique.net/Pages/Accueil.aspx">Le site du Café Pédagogique</a></strong></p>



<p class="wp-block-paragraph"><strong><a href="http://www.charmeux.fr/blog/">Le blog de l&rsquo;Amie scolaire</a></strong> d&rsquo;Eveline Charmeux</p>



<p class="wp-block-paragraph"><strong><a href="https://www.meirieu.com/">Le site de Philippe Meirieu</a></strong></p>



<p class="wp-block-paragraph">Le site de <strong><a href="https://www.desirsdecole.fr/">Désirs d&rsquo;école</a></strong> : Désirs d&rsquo;école&nbsp;est une association 1901 rassemblant des personnes, désireuses de&nbsp; construire une société et une école plus humaines, désirables et pacifiées. Nous cherchons comment préparer les enfants au monde de demain. Quels savoirs leur transmettre ? Comment leur faire vivre des liens respectueu<strong>x </strong>de notre environnement naturel, humain ?</p>



<p class="wp-block-paragraph"><strong><a href="https://collectif-riposte-education.fr/">Le site du Collectif La Riposte</a></strong> créé en 2024 : C’est un appel à une riposte, unitaire et collective que lancent dans cette tribune les mouvements pédagogiques et associations complémentaires de l’école, les associations d’usagers·ères, les organisations syndicales, les chercheuses et chercheurs, les actrices et acteurs de l’éducation.<em> « Nous appelons toutes celles et tous ceux qui ne peuvent se résigner à une école du tri social, à participer à nos travaux pour un Grenelle alternatif »</em>. <a href="https://collectif-riposte-education.fr/rejoindre-le-collectif-riposte/">Signer l’appel du collectif Riposte</a></p>



<p class="wp-block-paragraph"></p>

<p>Le site du CNNR (Conseil national de la Nouvelle Résistance) Le site d&rsquo;enseignants pour la planète Profs en transition Le site Changer de cap La revue de l&rsquo;AFL (Association Française pour la lecture) en particulier le dossier « Confinement et vacances apprenantes » Un numéro de la revue Les Cahiers pédagogiques du CRAP : Urgence écologique :&hellip; <a class="more-link" href="https://education-bien-commun.fr/?page_id=1338">Lire la suite <span class="screen-reader-text">Des sites amis</span></a></p>
