{"id":319,"date":"2020-05-22T08:29:31","date_gmt":"2020-05-22T06:29:31","guid":{"rendered":"https:\/\/education-bien-commun.fr\/?page_id=319"},"modified":"2020-05-22T08:29:31","modified_gmt":"2020-05-22T06:29:31","slug":"qui-sommes-nous","status":"publish","type":"page","link":"https:\/\/education-bien-commun.fr\/?page_id=319","title":{"rendered":"Qui sommes-nous ?"},"content":{"rendered":"\n<p class=\"wp-block-paragraph\">Enseignants et \u00e9ducateurs, anciennement ou toujours militants, du GFEN, de l\u2019AFL, du mouvement Freinet ou de l\u2019Education Populaire (Peuple et Culture, Francas, CEMEA), parents de la FCPE, chercheurs de l\u2019INRP, biblioth\u00e9caires, psychologues, art-th\u00e9rapeutes, nous sommes conscients d\u2019avoir longtemps \u00e9t\u00e9 les minoritaires, les contestataires de service. De nous \u00eatre longtemps r\u00e9sign\u00e9s \u00e0 attendre un moment politique favorable pour nous faire entendre, contraints \u00e0 \u00eatre \u00ab&nbsp;r\u00e9formistes&nbsp;\u00bb, faute de pouvoir \u00eatre r\u00e9volutionnaires \u00e9tant donn\u00e9 le pass\u00e9 de ce terme.<\/p>\n\n\n\n<p class=\"wp-block-paragraph\">Aujourd\u2019hui, alors que les \u00ab&nbsp;<em>changements climatiques, l\u2019extinction des esp\u00e8ces, les changements soci\u00e9taux<\/em>&nbsp;\u00bb sont devenus l\u2019horizon des enfants de 2020, alors que le \u00ab&nbsp;Changement de paradigme&nbsp;\u00bb devient une \u00e9vidence<strong>, nous refusons ce r\u00f4le d\u2019idiots utiles<\/strong> et nous affirmons que les concepts de solidarit\u00e9, de respect, de coop\u00e9ration, que nous avons cultiv\u00e9s dans les marges, constituent <strong>l\u2019alternative au chaos<\/strong>. Pablo Servigne et Gauthier Chapelle en font la d\u00e9monstration dans leur ouvrage \u00ab&nbsp;L\u2019ENTRAIDE L\u2019AUTRE LOI DE LA JUNGLE&nbsp;\u00bb o\u00f9 ils d\u00e9montrent que la s\u00e9lection naturelle d\u00e9crite par Darwin est certes le produit de la comp\u00e9tition, argument du capitalisme et du n\u00e9olib\u00e9ralisme, mais aussi de la coop\u00e9ration, constat\u00e9e dans la nature, et valeur fondatrice du mouvement ouvrier. <\/p>\n\n\n\n<p class=\"wp-block-paragraph\">Les plus vieux d\u2019entre nous ont jou\u00e9 un r\u00f4le actif dans diverses \u00e9coles exp\u00e9rimentales. Dans le XX\u00e8me arrondissement de Paris d\u00e8s 1962 (\u00e9cole Vitruve) puis dans la conduite du projet d\u2019\u00e9coles ouvertes de la Villeneuve de Grenoble de 1972 \u00e0 2000. En lien avec la Recherche P\u00e9dagogique, influenc\u00e9s par la p\u00e9dagogie Freinet, le groupe fran\u00e7ais d\u2019Education Nouvelle, les id\u00e9es d\u2019Ivan Illitch, la p\u00e9dagogie institutionnelle\u2026<\/p>\n\n\n\n<p class=\"wp-block-paragraph\">A diverses \u00e9poques les plus militants ont constitu\u00e9 des associations n\u00e9cessairement \u00ab&nbsp;r\u00e9formistes&nbsp;\u00bb En 1985 le <strong><a href=\"https:\/\/www.icem-pedagogie-freinet.org\/climope\">CLIMOPE (Comit\u00e9 de Liaison des Mouvements P\u00e9dagogiques) <\/a><\/strong>est cr\u00e9\u00e9 pour \u00e9tablir des liens entre neuf mouvements p\u00e9dagogiques et l\u2019INRP. En 1999 <strong><a href=\"http:\/\/ecolesdifferentes.free.fr\/DECLIC38.html\">DECLIC (association pour le D\u00e9veloppement d\u2019Ecoles, de Coll\u00e8ges, de Lyc\u00e9es d\u2019Initiative Citoyenne)<\/a><\/strong> du temps de Jospin, de Jack Lang et son Conseil National de l\u2019Innovation pour la R\u00e9ussite scolaire. En 2010 un \u00ab&nbsp;PACTE POUR UNE SOCIETE EDUCATRICE&nbsp;\u00bb \u00e0 l\u2019issue de <strong><a href=\"http:\/\/www.cahiers-pedagogiques.com\/L-appel-de-Bobigny\">\u00ab&nbsp;L\u2019APPEL DE BOBIGNY&nbsp;\u00bb<\/a><\/strong> initi\u00e9 par le<strong> \u00ab&nbsp;<\/strong>R\u00e9seau Fran\u00e7ais des Villes \u00c9ducatrices&nbsp;\u00bb&nbsp;<\/p>\n\n\n\n<p class=\"wp-block-paragraph\">Nous avons donc une tr\u00e8s longue exp\u00e9rience de l\u2019innovation et des blocages qu\u2019elle rencontre, des limites du r\u00e9formisme, de la r\u00e9cup\u00e9ration et le d\u00e9tournement des concepts exp\u00e9riment\u00e9s afin de perp\u00e9tuer le syst\u00e8me, celui de de la comp\u00e9tition, du formatage et de l\u2019exclusion, afin de \u00ab&nbsp;<em>tout changer pour que rien ne change&nbsp;<\/em>\u00bb<\/p>\n\n\n\n<p class=\"wp-block-paragraph\">Les objectifs du CLIMOPE lors de l&rsquo; \u00ab\u00a0Appel de Bobigny\u00a0\u00bb et\u00a0<strong><a href=\"https:\/\/www.icem-pedagogie-freinet.org\/climope\">la liste des participants sont ici sur le site du mouvement Freinet.<\/a><\/strong><\/p>\n\n\n\n<h3 class=\"has-text-align-left wp-block-heading\" id=\"nouvelle\">La tr\u00e8s bonne nouvelle<\/h3>\n\n\n\n<p class=\"wp-block-paragraph\">Nota bene : Notre collectif s&rsquo;est constitu\u00e9 apr\u00e8s la publication de LA TRES BONNE NOUVELLE  en 2019 puis autour du texte LE JOUR D&rsquo;APRES CONCERNE-T-IL NOS ENFANTS ? publi\u00e9 le 27 mai 2020 dans le livre num\u00e9rique produit par le Conseil National de la Nouvelle R\u00e9sistance (CNNR). <strong><a href=\"https:\/\/education-bien-commun.fr\/2020\/05\/24\/la-tres-bonne-nouvelle\/\">Lire ici la suite.<\/a><\/strong><\/p>\n\n\n\n<p class=\"wp-block-paragraph\">Voir la vid\u00e9o de pr\u00e9sentation du CNNR du 13 mai 2020<strong><a href=\"https:\/\/www.youtube.com\/watch?v=Gh_RFwLAreA&amp;t=1s\"> ici sur youtube<\/a><\/strong>.<\/p>\n\n\n\n<p class=\"wp-block-paragraph\"><\/p>\n\n\n\n<p class=\"wp-block-paragraph\"><\/p>\n\n\n\n<p class=\"has-text-align-center wp-block-paragraph\"><\/p>\n\n\n\n<p class=\"wp-block-paragraph\"><\/p>\n","protected":false},"excerpt":{"rendered":"<p>Enseignants et \u00e9ducateurs, anciennement ou toujours militants, du GFEN, de l\u2019AFL, du mouvement Freinet ou de l\u2019Education Populaire (Peuple et Culture, Francas, CEMEA), parents de la FCPE, chercheurs de l\u2019INRP, biblioth\u00e9caires, psychologues, art-th\u00e9rapeutes, nous sommes conscients d\u2019avoir longtemps \u00e9t\u00e9 les minoritaires, les contestataires de service. De nous \u00eatre longtemps r\u00e9sign\u00e9s \u00e0 attendre un moment politique&hellip; <a class=\"more-link\" href=\"https:\/\/education-bien-commun.fr\/?page_id=319\">Lire la suite <span class=\"screen-reader-text\">Qui sommes-nous ?<\/span><\/a><\/p>\n","protected":false},"author":3,"featured_media":0,"parent":0,"menu_order":0,"comment_status":"closed","ping_status":"closed","template":"","meta":{"footnotes":""},"class_list":["post-319","page","type-page","status-publish","hentry"],"jetpack_sharing_enabled":true,"_links":{"self":[{"href":"https:\/\/education-bien-commun.fr\/index.php?rest_route=\/wp\/v2\/pages\/319","targetHints":{"allow":["GET"]}}],"collection":[{"href":"https:\/\/education-bien-commun.fr\/index.php?rest_route=\/wp\/v2\/pages"}],"about":[{"href":"https:\/\/education-bien-commun.fr\/index.php?rest_route=\/wp\/v2\/types\/page"}],"author":[{"embeddable":true,"href":"https:\/\/education-bien-commun.fr\/index.php?rest_route=\/wp\/v2\/users\/3"}],"replies":[{"embeddable":true,"href":"https:\/\/education-bien-commun.fr\/index.php?rest_route=%2Fwp%2Fv2%2Fcomments&post=319"}],"version-history":[{"count":0,"href":"https:\/\/education-bien-commun.fr\/index.php?rest_route=\/wp\/v2\/pages\/319\/revisions"}],"wp:attachment":[{"href":"https:\/\/education-bien-commun.fr\/index.php?rest_route=%2Fwp%2Fv2%2Fmedia&parent=319"}],"curies":[{"name":"wp","href":"https:\/\/api.w.org\/{rel}","templated":true}]}}

<p class="wp-block-paragraph">Enseignants et éducateurs, anciennement ou toujours militants, du GFEN, de l’AFL, du mouvement Freinet ou de l’Education Populaire (Peuple et Culture, Francas, CEMEA), parents de la FCPE, chercheurs de l’INRP, bibliothécaires, psychologues, art-thérapeutes, nous sommes conscients d’avoir longtemps été les minoritaires, les contestataires de service. De nous être longtemps résignés à attendre un moment politique favorable pour nous faire entendre, contraints à être «&nbsp;réformistes&nbsp;», faute de pouvoir être révolutionnaires étant donné le passé de ce terme.</p>



<p class="wp-block-paragraph">Aujourd’hui, alors que les «&nbsp;<em>changements climatiques, l’extinction des espèces, les changements sociétaux</em>&nbsp;» sont devenus l’horizon des enfants de 2020, alors que le «&nbsp;Changement de paradigme&nbsp;» devient une évidence<strong>, nous refusons ce rôle d’idiots utiles</strong> et nous affirmons que les concepts de solidarité, de respect, de coopération, que nous avons cultivés dans les marges, constituent <strong>l’alternative au chaos</strong>. Pablo Servigne et Gauthier Chapelle en font la démonstration dans leur ouvrage «&nbsp;L’ENTRAIDE L’AUTRE LOI DE LA JUNGLE&nbsp;» où ils démontrent que la sélection naturelle décrite par Darwin est certes le produit de la compétition, argument du capitalisme et du néolibéralisme, mais aussi de la coopération, constatée dans la nature, et valeur fondatrice du mouvement ouvrier. </p>



<p class="wp-block-paragraph">Les plus vieux d’entre nous ont joué un rôle actif dans diverses écoles expérimentales. Dans le XXème arrondissement de Paris dès 1962 (école Vitruve) puis dans la conduite du projet d’écoles ouvertes de la Villeneuve de Grenoble de 1972 à 2000. En lien avec la Recherche Pédagogique, influencés par la pédagogie Freinet, le groupe français d’Education Nouvelle, les idées d’Ivan Illitch, la pédagogie institutionnelle…</p>



<p class="wp-block-paragraph">A diverses époques les plus militants ont constitué des associations nécessairement «&nbsp;réformistes&nbsp;» En 1985 le <strong><a href="https://www.icem-pedagogie-freinet.org/climope">CLIMOPE (Comité de Liaison des Mouvements Pédagogiques) </a></strong>est créé pour établir des liens entre neuf mouvements pédagogiques et l’INRP. En 1999 <strong><a href="http://ecolesdifferentes.free.fr/DECLIC38.html">DECLIC (association pour le Développement d’Ecoles, de Collèges, de Lycées d’Initiative Citoyenne)</a></strong> du temps de Jospin, de Jack Lang et son Conseil National de l’Innovation pour la Réussite scolaire. En 2010 un «&nbsp;PACTE POUR UNE SOCIETE EDUCATRICE&nbsp;» à l’issue de <strong><a href="http://www.cahiers-pedagogiques.com/L-appel-de-Bobigny">«&nbsp;L’APPEL DE BOBIGNY&nbsp;»</a></strong> initié par le<strong> «&nbsp;</strong>Réseau Français des Villes Éducatrices&nbsp;»&nbsp;</p>



<p class="wp-block-paragraph">Nous avons donc une très longue expérience de l’innovation et des blocages qu’elle rencontre, des limites du réformisme, de la récupération et le détournement des concepts expérimentés afin de perpétuer le système, celui de de la compétition, du formatage et de l’exclusion, afin de «&nbsp;<em>tout changer pour que rien ne change&nbsp;</em>»</p>



<p class="wp-block-paragraph">Les objectifs du CLIMOPE lors de l&rsquo; « Appel de Bobigny » et <strong><a href="https://www.icem-pedagogie-freinet.org/climope">la liste des participants sont ici sur le site du mouvement Freinet.</a></strong></p>



<h3 class="has-text-align-left wp-block-heading" id="nouvelle">La très bonne nouvelle</h3>



<p class="wp-block-paragraph">Nota bene : Notre collectif s&rsquo;est constitué après la publication de LA TRES BONNE NOUVELLE  en 2019 puis autour du texte LE JOUR D&rsquo;APRES CONCERNE-T-IL NOS ENFANTS ? publié le 27 mai 2020 dans le livre numérique produit par le Conseil National de la Nouvelle Résistance (CNNR). <strong><a href="https://education-bien-commun.fr/2020/05/24/la-tres-bonne-nouvelle/">Lire ici la suite.</a></strong></p>



<p class="wp-block-paragraph">Voir la vidéo de présentation du CNNR du 13 mai 2020<strong><a href="https://www.youtube.com/watch?v=Gh_RFwLAreA&amp;t=1s"> ici sur youtube</a></strong>.</p>



<p class="wp-block-paragraph"></p>



<p class="wp-block-paragraph"></p>



<p class="has-text-align-center wp-block-paragraph"></p>



<p class="wp-block-paragraph"></p>

<p>Enseignants et éducateurs, anciennement ou toujours militants, du GFEN, de l’AFL, du mouvement Freinet ou de l’Education Populaire (Peuple et Culture, Francas, CEMEA), parents de la FCPE, chercheurs de l’INRP, bibliothécaires, psychologues, art-thérapeutes, nous sommes conscients d’avoir longtemps été les minoritaires, les contestataires de service. De nous être longtemps résignés à attendre un moment politique&hellip; <a class="more-link" href="https://education-bien-commun.fr/?page_id=319">Lire la suite <span class="screen-reader-text">Qui sommes-nous ?</span></a></p>
