{"id":9795,"date":"2024-07-22T01:59:03","date_gmt":"2024-07-21T23:59:03","guid":{"rendered":"https:\/\/educationbiencommun.fr\/?page_id=9795"},"modified":"2024-07-22T01:59:03","modified_gmt":"2024-07-21T23:59:03","slug":"emanciper","status":"publish","type":"page","link":"https:\/\/education-bien-commun.fr\/?page_id=9795","title":{"rendered":"Emanciper&#8230;"},"content":{"rendered":"\n<p class=\"wp-block-paragraph\">En novembre 2021, Raymond Millot a publi\u00e9 \u00ab\u00a0L&rsquo;Education Un bien commun\u00a0\u00bb chez Massot.<\/p>\n\n\n\n<p class=\"wp-block-paragraph\">\u00ab L\u2019\u00e9ducation est un bien commun, au m\u00eame titre que l\u2019air, l\u2019eau,\u00a0la biodiversit\u00e9 et la sant\u00e9 \u00bb\u00a0<\/p>\n\n\n<div class=\"wp-block-image\">\n<figure class=\"aligncenter size-large\"><img loading=\"lazy\" decoding=\"async\" width=\"285\" height=\"285\" src=\"https:\/\/education-bien-commun.fr\/wp-content\/uploads\/2024\/07\/2021-raymond-millot-.png?w=285\" alt=\"\" class=\"wp-image-9802\" srcset=\"https:\/\/education-bien-commun.fr\/wp-content\/uploads\/2024\/07\/2021-raymond-millot-.png 285w, https:\/\/education-bien-commun.fr\/wp-content\/uploads\/2024\/07\/2021-raymond-millot--150x150.png 150w\" sizes=\"auto, (max-width: 285px) 100vw, 285px\" \/><\/figure>\n<\/div>\n\n\n<p class=\"has-text-align-right wp-block-paragraph\"><strong><a href=\"https:\/\/massot.com\/collections\/leducation-un-bien-commun\/\">Sur le site de l&rsquo;\u00e9diteur.<\/a><\/strong><\/p>\n\n\n\n<p class=\"wp-block-paragraph\"><\/p>\n\n\n\n<p class=\"wp-block-paragraph\">L\u2019historienne\u00a0<strong>Ludivine Bantigny<\/strong> \u00e9crit dans sa pr\u00e9face \u00e0 \u00ab<strong>\u00a0L\u2019EDUCATION, UN BIEN COMMUN\u00a0\u00bb :\u00a0<\/strong>\u00ab<em>Raymond Millot a raison de juger crucial l<strong>e grand enjeu de l\u2019\u00e9mancipation\u00a0<\/strong>\u00bb<\/em>.<\/p>\n\n\n\n<p class=\"wp-block-paragraph\"><\/p>\n\n\n\n<p class=\"wp-block-paragraph\">***<\/p>\n\n\n\n<p class=\"wp-block-paragraph\">\u00ab\u00a0Je crois en la n\u00e9cessit\u00e9 d&rsquo;organiser et de f\u00e9d\u00e9rer des oasis de r\u00e9sistance de vie et de pens\u00e9e, de continuer \u00e0 montrer la possibilit\u00e9 de changer de voie.\u00a0\u00bb Edgar Morin. Le Monde 20 novembre 2020<\/p>\n\n\n\n<p class=\"wp-block-paragraph\"><\/p>\n","protected":false},"excerpt":{"rendered":"<p>En novembre 2021, Raymond Millot a publi\u00e9 \u00ab\u00a0L&rsquo;Education Un bien commun\u00a0\u00bb chez Massot. \u00ab L\u2019\u00e9ducation est un bien commun, au m\u00eame titre que l\u2019air, l\u2019eau,\u00a0la biodiversit\u00e9 et la sant\u00e9 \u00bb\u00a0 Sur le site de l&rsquo;\u00e9diteur. L\u2019historienne\u00a0Ludivine Bantigny \u00e9crit dans sa pr\u00e9face \u00e0 \u00ab\u00a0L\u2019EDUCATION, UN BIEN COMMUN\u00a0\u00bb :\u00a0\u00abRaymond Millot a raison de juger crucial le grand&hellip; <a class=\"more-link\" href=\"https:\/\/education-bien-commun.fr\/?page_id=9795\">Lire la suite <span class=\"screen-reader-text\">Emanciper&#8230;<\/span><\/a><\/p>\n","protected":false},"author":3,"featured_media":0,"parent":0,"menu_order":0,"comment_status":"closed","ping_status":"closed","template":"","meta":{"footnotes":""},"class_list":["post-9795","page","type-page","status-publish","hentry"],"jetpack_sharing_enabled":true,"_links":{"self":[{"href":"https:\/\/education-bien-commun.fr\/index.php?rest_route=\/wp\/v2\/pages\/9795","targetHints":{"allow":["GET"]}}],"collection":[{"href":"https:\/\/education-bien-commun.fr\/index.php?rest_route=\/wp\/v2\/pages"}],"about":[{"href":"https:\/\/education-bien-commun.fr\/index.php?rest_route=\/wp\/v2\/types\/page"}],"author":[{"embeddable":true,"href":"https:\/\/education-bien-commun.fr\/index.php?rest_route=\/wp\/v2\/users\/3"}],"replies":[{"embeddable":true,"href":"https:\/\/education-bien-commun.fr\/index.php?rest_route=%2Fwp%2Fv2%2Fcomments&post=9795"}],"version-history":[{"count":0,"href":"https:\/\/education-bien-commun.fr\/index.php?rest_route=\/wp\/v2\/pages\/9795\/revisions"}],"wp:attachment":[{"href":"https:\/\/education-bien-commun.fr\/index.php?rest_route=%2Fwp%2Fv2%2Fmedia&parent=9795"}],"curies":[{"name":"wp","href":"https:\/\/api.w.org\/{rel}","templated":true}]}}

<p class="wp-block-paragraph">En novembre 2021, Raymond Millot a publié « L&rsquo;Education Un bien commun » chez Massot.</p>



<p class="wp-block-paragraph">« L’éducation est un bien commun, au même titre que l’air, l’eau, la biodiversité et la santé » </p>


<div class="wp-block-image">
<figure class="aligncenter size-large"><img loading="lazy" decoding="async" width="285" height="285" src="https://education-bien-commun.fr/wp-content/uploads/2024/07/2021-raymond-millot-.png?w=285" alt="" class="wp-image-9802" srcset="https://education-bien-commun.fr/wp-content/uploads/2024/07/2021-raymond-millot-.png 285w, https://education-bien-commun.fr/wp-content/uploads/2024/07/2021-raymond-millot--150x150.png 150w" sizes="auto, (max-width: 285px) 100vw, 285px" /></figure>
</div>


<p class="has-text-align-right wp-block-paragraph"><strong><a href="https://massot.com/collections/leducation-un-bien-commun/">Sur le site de l&rsquo;éditeur.</a></strong></p>



<p class="wp-block-paragraph"></p>



<p class="wp-block-paragraph">L’historienne <strong>Ludivine Bantigny</strong> écrit dans sa préface à «<strong> L’EDUCATION, UN BIEN COMMUN » : </strong>«<em>Raymond Millot a raison de juger crucial l<strong>e grand enjeu de l’émancipation </strong>»</em>.</p>



<p class="wp-block-paragraph"></p>



<p class="wp-block-paragraph">***</p>



<p class="wp-block-paragraph">« Je crois en la nécessité d&rsquo;organiser et de fédérer des oasis de résistance de vie et de pensée, de continuer à montrer la possibilité de changer de voie. » Edgar Morin. Le Monde 20 novembre 2020</p>



<p class="wp-block-paragraph"></p>

<p>En novembre 2021, Raymond Millot a publié « L&rsquo;Education Un bien commun » chez Massot. « L’éducation est un bien commun, au même titre que l’air, l’eau, la biodiversité et la santé »  Sur le site de l&rsquo;éditeur. L’historienne Ludivine Bantigny écrit dans sa préface à « L’EDUCATION, UN BIEN COMMUN » : «Raymond Millot a raison de juger crucial le grand&hellip; <a class="more-link" href="https://education-bien-commun.fr/?page_id=9795">Lire la suite <span class="screen-reader-text">Emanciper&#8230;</span></a></p>
